{"id":6671,"date":"2026-03-11T15:06:49","date_gmt":"2026-03-11T15:06:49","guid":{"rendered":"https:\/\/1x1design.dk\/1x1design\/?page_id=6671"},"modified":"2026-03-11T15:06:49","modified_gmt":"2026-03-11T15:06:49","slug":"red-gradient","status":"publish","type":"page","link":"https:\/\/1x1design.dk\/1x1design\/red-gradient\/","title":{"rendered":"Red Gradient"},"content":{"rendered":"<p>[et_pb_section fb_built=&#8221;1&#8243; theme_builder_area=&#8221;post_content&#8221; _builder_version=&#8221;4.27.5&#8243; _module_preset=&#8221;default&#8221; hover_enabled=&#8221;0&#8243; sticky_enabled=&#8221;0&#8243; title_text=&#8221;Color 17&#8243; background_image=&#8221;https:\/\/1x1design.dk\/1x1design\/wp-content\/uploads\/2021\/01\/Color-17.jpg&#8221; height=&#8221;40vh&#8221;][\/et_pb_section][et_pb_section fb_built=&#8221;1&#8243; theme_builder_area=&#8221;post_content&#8221; _builder_version=&#8221;4.27.5&#8243; _module_preset=&#8221;default&#8221;][et_pb_row _builder_version=&#8221;4.27.5&#8243; _module_preset=&#8221;default&#8221; theme_builder_area=&#8221;post_content&#8221;][et_pb_column _builder_version=&#8221;4.27.5&#8243; _module_preset=&#8221;default&#8221; type=&#8221;4_4&#8243; theme_builder_area=&#8221;post_content&#8221;][et_pb_text _builder_version=&#8221;4.27.5&#8243; _module_preset=&#8221;default&#8221; theme_builder_area=&#8221;post_content&#8221; hover_enabled=&#8221;0&#8243; sticky_enabled=&#8221;0&#8243;]<\/p>\n<h1><strong>Red gradient<\/strong><\/h1>\n<p><strong>Inspiration i processens v\u00e6sen til v\u00e6vet kropsobjekt.<\/strong><\/p>\n<p>Graduering af processen som symbol p\u00e5 fordybelsen, tanker og tr\u00e5de der v\u00e6ves sammen i flow, til mere og mere r\u00f8de farve og dermed ogs\u00e5 inspiration til kompositionen.<\/p>\n<p>Forl\u00f8b brydes af nye tanker, betydninger, refleksioner og overvejelser om helt andet \u2013<em>kan opleves efter fokusering p\u00e5 den r\u00f8de farve?<\/em><\/p>\n<p><strong>Farven er symbol p\u00e5 k\u00e6rlighed til v\u00e6ven, kunsth\u00e5ndv\u00e6rket, materialet og ikke mindst til processen.<\/strong><\/p>\n<p>Processens v\u00e6sen, er som et n\u00f8dvendigt rum at v\u00e6re i \u2013<em>mit rum<\/em><span>\u00a0<\/span>\u2013 med sit helt eget liv, som jeg tr\u00e6der ind og ud af.<\/p>\n<p><strong>Kompositionen v\u00e6ves i et f\u00e6rdigt v\u00e6rk p\u00e5 v\u00e6ven<\/strong>. N\u00e5r det b\u00e6res dannes nye former mod kroppen. L\u00f8se levende tr\u00e5de som<\/p>\n<p>den livlige r\u00f8de farves personlighed med liv og k\u00e6rlighed. V\u00e6verens temperament i nu\u00e9t, danner spor under v\u00e6veprocessen.<\/p>\n<p><em>( Alle vedh\u00e6ftede fotos er af Fotograf Martin Busborg. V\u00e6ver og Tekstildesigner Helene Vonsild.)<\/em><\/p>\n<p>[\/et_pb_text][\/et_pb_column][\/et_pb_row][et_pb_row _builder_version=&#8221;4.27.5&#8243; _module_preset=&#8221;default&#8221; column_structure=&#8221;1_4,1_4,1_4,1_4&#8243; theme_builder_area=&#8221;post_content&#8221;][et_pb_column _builder_version=&#8221;4.27.5&#8243; _module_preset=&#8221;default&#8221; type=&#8221;1_4&#8243; theme_builder_area=&#8221;post_content&#8221;][et_pb_image src=&#8221;https:\/\/1x1design.dk\/1x1design\/wp-content\/uploads\/2021\/01\/Color-17.jpg&#8221; _builder_version=&#8221;4.27.5&#8243; _module_preset=&#8221;default&#8221; theme_builder_area=&#8221;post_content&#8221; hover_enabled=&#8221;0&#8243; sticky_enabled=&#8221;0&#8243; title_text=&#8221;Color 17&#8243;][\/et_pb_image][\/et_pb_column][et_pb_column _builder_version=&#8221;4.27.5&#8243; _module_preset=&#8221;default&#8221; type=&#8221;1_4&#8243; theme_builder_area=&#8221;post_content&#8221;][et_pb_image src=&#8221;https:\/\/1x1design.dk\/1x1design\/wp-content\/uploads\/2021\/01\/Color-sm.jpg&#8221; _builder_version=&#8221;4.27.5&#8243; _module_preset=&#8221;default&#8221; theme_builder_area=&#8221;post_content&#8221; hover_enabled=&#8221;0&#8243; sticky_enabled=&#8221;0&#8243; title_text=&#8221;Color sm&#8221;][\/et_pb_image][\/et_pb_column][et_pb_column _builder_version=&#8221;4.27.5&#8243; _module_preset=&#8221;default&#8221; type=&#8221;1_4&#8243; theme_builder_area=&#8221;post_content&#8221;][et_pb_image src=&#8221;https:\/\/1x1design.dk\/1x1design\/wp-content\/uploads\/2020\/10\/Color-15-Small-1.jpg&#8221; _builder_version=&#8221;4.27.5&#8243; _module_preset=&#8221;default&#8221; theme_builder_area=&#8221;post_content&#8221; hover_enabled=&#8221;0&#8243; sticky_enabled=&#8221;0&#8243; title_text=&#8221;Color 15 Small&#8221;][\/et_pb_image][\/et_pb_column][et_pb_column _builder_version=&#8221;4.27.5&#8243; _module_preset=&#8221;default&#8221; type=&#8221;1_4&#8243; theme_builder_area=&#8221;post_content&#8221;][et_pb_image src=&#8221;https:\/\/1x1design.dk\/1x1design\/wp-content\/uploads\/2021\/01\/Color-16.jpg&#8221; _builder_version=&#8221;4.27.5&#8243; _module_preset=&#8221;default&#8221; theme_builder_area=&#8221;post_content&#8221; hover_enabled=&#8221;0&#8243; sticky_enabled=&#8221;0&#8243; title_text=&#8221;Color 16&#8243;][\/et_pb_image][\/et_pb_column][\/et_pb_row][et_pb_row _builder_version=&#8221;4.27.5&#8243; _module_preset=&#8221;default&#8221; theme_builder_area=&#8221;post_content&#8221;][et_pb_column _builder_version=&#8221;4.27.5&#8243; _module_preset=&#8221;default&#8221; type=&#8221;4_4&#8243; theme_builder_area=&#8221;post_content&#8221;][et_pb_text _builder_version=&#8221;4.27.5&#8243; _module_preset=&#8221;default&#8221; theme_builder_area=&#8221;post_content&#8221; hover_enabled=&#8221;0&#8243; sticky_enabled=&#8221;0&#8243;]<\/p>\n<h3><strong>Red Gradient<\/strong><em>\u00a0<\/em><\/h3>\n<p>The modulation of the process is a symbol of immersion \u2013 deeper and deeper into the process: the threads are woven together, from one hand to the other, more and stronger red color, and longer and longer flow in the textile. The textile flow is interrupted by the experience of new thoughts, meanings, reflections, and considerations depending on how you see the art and how long you look at the red color.<\/p>\n<p><strong>The red color symbolizes love for the loom, the craft, the materials, and the process.<\/strong><\/p>\n<p>The reflection of the process is necessary as it provides a sacred space for me to immerse myself. The process has its own life that I am drawn to be part of and live within. The beauty of this sacred process space is that you can always step in and out of it whenever you wish.<\/p>\n<p>The loose threads that decorate the body reflect the lively personality of the color red, and the threads have a life of their own. Through movement, the loose threads are perceived as brighter and underline the life and love in the personality of the color red.<\/p>\n<p>The personality is what we remember, and that is the memory. It is not necessarily the colors we surround ourselves with or dress in that show our true selves.<\/p>\n<p>The audience is encouraged to interact with the piece: After looking intensely at the red body object for at least one minute, remove the gaze to the empty white backdrop. After a short time, while gazing at the backdrop, a bright green shape will appear as a shadow. That complementary color represents the other side of personality.<\/p>\n<p>[\/et_pb_text][\/et_pb_column][\/et_pb_row][\/et_pb_section]<\/p>\n","protected":false},"excerpt":{"rendered":"<p>Red gradient Inspiration i processens v\u00e6sen til v\u00e6vet kropsobjekt. Graduering af processen som symbol p\u00e5 fordybelsen, tanker og tr\u00e5de der v\u00e6ves sammen i flow, til mere og mere r\u00f8de farve og dermed ogs\u00e5 inspiration til kompositionen. Forl\u00f8b brydes af nye tanker, betydninger, refleksioner og overvejelser om helt andet \u2013kan opleves efter fokusering p\u00e5 den r\u00f8de farve? Farven er symbol p\u00e5 k\u00e6rlighed til v\u00e6ven, kunsth\u00e5ndv\u00e6rket, materialet og ikke mindst til processen. Processens v\u00e6sen, er som et n\u00f8dvendigt rum at v\u00e6re i \u2013mit rum\u00a0\u2013 med sit helt eget liv, som jeg tr\u00e6der ind og ud af. Kompositionen v\u00e6ves i et f\u00e6rdigt v\u00e6rk p\u00e5 v\u00e6ven. N\u00e5r det b\u00e6res dannes nye former mod kroppen. [&hellip;]<\/p>\n","protected":false},"author":2,"featured_media":0,"parent":0,"menu_order":0,"comment_status":"closed","ping_status":"closed","template":"","meta":{"_et_pb_use_builder":"on","_et_pb_old_content":"","_et_gb_content_width":"","footnotes":""},"class_list":["post-6671","page","type-page","status-publish","hentry"],"yoast_head":"<!-- This site is optimized with the Yoast SEO plugin v27.3 - https:\/\/yoast.com\/product\/yoast-seo-wordpress\/ -->\n<title>Red Gradient | 1+1 Design<\/title>\n<meta name=\"robots\" content=\"index, follow, max-snippet:-1, max-image-preview:large, max-video-preview:-1\" \/>\n<link rel=\"canonical\" href=\"https:\/\/1x1design.dk\/1x1design\/red-gradient\/\" \/>\n<meta property=\"og:locale\" content=\"da_DK\" \/>\n<meta property=\"og:type\" content=\"article\" \/>\n<meta property=\"og:title\" content=\"Red Gradient | 1+1 Design\" \/>\n<meta property=\"og:description\" content=\"Red gradient Inspiration i processens v\u00e6sen til v\u00e6vet kropsobjekt. Graduering af processen som symbol p\u00e5 fordybelsen, tanker og tr\u00e5de der v\u00e6ves sammen i flow, til mere og mere r\u00f8de farve og dermed ogs\u00e5 inspiration til kompositionen. Forl\u00f8b brydes af nye tanker, betydninger, refleksioner og overvejelser om helt andet \u2013kan opleves efter fokusering p\u00e5 den r\u00f8de farve? Farven er symbol p\u00e5 k\u00e6rlighed til v\u00e6ven, kunsth\u00e5ndv\u00e6rket, materialet og ikke mindst til processen. Processens v\u00e6sen, er som et n\u00f8dvendigt rum at v\u00e6re i \u2013mit rum\u00a0\u2013 med sit helt eget liv, som jeg tr\u00e6der ind og ud af. Kompositionen v\u00e6ves i et f\u00e6rdigt v\u00e6rk p\u00e5 v\u00e6ven. N\u00e5r det b\u00e6res dannes nye former mod kroppen. [&hellip;]\" \/>\n<meta property=\"og:url\" content=\"https:\/\/1x1design.dk\/1x1design\/red-gradient\/\" \/>\n<meta property=\"og:site_name\" content=\"1+1 Design\" \/>\n<script type=\"application\/ld+json\" class=\"yoast-schema-graph\">{\"@context\":\"https:\\\/\\\/schema.org\",\"@graph\":[{\"@type\":\"WebPage\",\"@id\":\"https:\\\/\\\/1x1design.dk\\\/1x1design\\\/red-gradient\\\/\",\"url\":\"https:\\\/\\\/1x1design.dk\\\/1x1design\\\/red-gradient\\\/\",\"name\":\"Red Gradient | 1+1 Design\",\"isPartOf\":{\"@id\":\"https:\\\/\\\/1x1design.dk\\\/1x1design\\\/#website\"},\"datePublished\":\"2026-03-11T15:06:49+00:00\",\"breadcrumb\":{\"@id\":\"https:\\\/\\\/1x1design.dk\\\/1x1design\\\/red-gradient\\\/#breadcrumb\"},\"inLanguage\":\"da-DK\",\"potentialAction\":[{\"@type\":\"ReadAction\",\"target\":[\"https:\\\/\\\/1x1design.dk\\\/1x1design\\\/red-gradient\\\/\"]}]},{\"@type\":\"BreadcrumbList\",\"@id\":\"https:\\\/\\\/1x1design.dk\\\/1x1design\\\/red-gradient\\\/#breadcrumb\",\"itemListElement\":[{\"@type\":\"ListItem\",\"position\":1,\"name\":\"Hjem\",\"item\":\"https:\\\/\\\/1x1design.dk\\\/1x1design\\\/\"},{\"@type\":\"ListItem\",\"position\":2,\"name\":\"Red Gradient\"}]},{\"@type\":\"WebSite\",\"@id\":\"https:\\\/\\\/1x1design.dk\\\/1x1design\\\/#website\",\"url\":\"https:\\\/\\\/1x1design.dk\\\/1x1design\\\/\",\"name\":\"1+1 Design\",\"description\":\"Puder og textildesign\",\"potentialAction\":[{\"@type\":\"SearchAction\",\"target\":{\"@type\":\"EntryPoint\",\"urlTemplate\":\"https:\\\/\\\/1x1design.dk\\\/1x1design\\\/?s={search_term_string}\"},\"query-input\":{\"@type\":\"PropertyValueSpecification\",\"valueRequired\":true,\"valueName\":\"search_term_string\"}}],\"inLanguage\":\"da-DK\"}]}<\/script>\n<!-- \/ Yoast SEO plugin. -->","yoast_head_json":{"title":"Red Gradient | 1+1 Design","robots":{"index":"index","follow":"follow","max-snippet":"max-snippet:-1","max-image-preview":"max-image-preview:large","max-video-preview":"max-video-preview:-1"},"canonical":"https:\/\/1x1design.dk\/1x1design\/red-gradient\/","og_locale":"da_DK","og_type":"article","og_title":"Red Gradient | 1+1 Design","og_description":"Red gradient Inspiration i processens v\u00e6sen til v\u00e6vet kropsobjekt. Graduering af processen som symbol p\u00e5 fordybelsen, tanker og tr\u00e5de der v\u00e6ves sammen i flow, til mere og mere r\u00f8de farve og dermed ogs\u00e5 inspiration til kompositionen. Forl\u00f8b brydes af nye tanker, betydninger, refleksioner og overvejelser om helt andet \u2013kan opleves efter fokusering p\u00e5 den r\u00f8de farve? Farven er symbol p\u00e5 k\u00e6rlighed til v\u00e6ven, kunsth\u00e5ndv\u00e6rket, materialet og ikke mindst til processen. Processens v\u00e6sen, er som et n\u00f8dvendigt rum at v\u00e6re i \u2013mit rum\u00a0\u2013 med sit helt eget liv, som jeg tr\u00e6der ind og ud af. Kompositionen v\u00e6ves i et f\u00e6rdigt v\u00e6rk p\u00e5 v\u00e6ven. N\u00e5r det b\u00e6res dannes nye former mod kroppen. [&hellip;]","og_url":"https:\/\/1x1design.dk\/1x1design\/red-gradient\/","og_site_name":"1+1 Design","schema":{"@context":"https:\/\/schema.org","@graph":[{"@type":"WebPage","@id":"https:\/\/1x1design.dk\/1x1design\/red-gradient\/","url":"https:\/\/1x1design.dk\/1x1design\/red-gradient\/","name":"Red Gradient | 1+1 Design","isPartOf":{"@id":"https:\/\/1x1design.dk\/1x1design\/#website"},"datePublished":"2026-03-11T15:06:49+00:00","breadcrumb":{"@id":"https:\/\/1x1design.dk\/1x1design\/red-gradient\/#breadcrumb"},"inLanguage":"da-DK","potentialAction":[{"@type":"ReadAction","target":["https:\/\/1x1design.dk\/1x1design\/red-gradient\/"]}]},{"@type":"BreadcrumbList","@id":"https:\/\/1x1design.dk\/1x1design\/red-gradient\/#breadcrumb","itemListElement":[{"@type":"ListItem","position":1,"name":"Hjem","item":"https:\/\/1x1design.dk\/1x1design\/"},{"@type":"ListItem","position":2,"name":"Red Gradient"}]},{"@type":"WebSite","@id":"https:\/\/1x1design.dk\/1x1design\/#website","url":"https:\/\/1x1design.dk\/1x1design\/","name":"1+1 Design","description":"Puder og textildesign","potentialAction":[{"@type":"SearchAction","target":{"@type":"EntryPoint","urlTemplate":"https:\/\/1x1design.dk\/1x1design\/?s={search_term_string}"},"query-input":{"@type":"PropertyValueSpecification","valueRequired":true,"valueName":"search_term_string"}}],"inLanguage":"da-DK"}]}},"_links":{"self":[{"href":"https:\/\/1x1design.dk\/1x1design\/wp-json\/wp\/v2\/pages\/6671","targetHints":{"allow":["GET"]}}],"collection":[{"href":"https:\/\/1x1design.dk\/1x1design\/wp-json\/wp\/v2\/pages"}],"about":[{"href":"https:\/\/1x1design.dk\/1x1design\/wp-json\/wp\/v2\/types\/page"}],"author":[{"embeddable":true,"href":"https:\/\/1x1design.dk\/1x1design\/wp-json\/wp\/v2\/users\/2"}],"replies":[{"embeddable":true,"href":"https:\/\/1x1design.dk\/1x1design\/wp-json\/wp\/v2\/comments?post=6671"}],"version-history":[{"count":3,"href":"https:\/\/1x1design.dk\/1x1design\/wp-json\/wp\/v2\/pages\/6671\/revisions"}],"predecessor-version":[{"id":6675,"href":"https:\/\/1x1design.dk\/1x1design\/wp-json\/wp\/v2\/pages\/6671\/revisions\/6675"}],"wp:attachment":[{"href":"https:\/\/1x1design.dk\/1x1design\/wp-json\/wp\/v2\/media?parent=6671"}],"curies":[{"name":"wp","href":"https:\/\/api.w.org\/{rel}","templated":true}]}}